{"id":101,"date":"2022-09-16T13:27:42","date_gmt":"2022-09-16T11:27:42","guid":{"rendered":"https:\/\/yogasophie.fr\/index.php\/home\/"},"modified":"2025-01-31T10:09:19","modified_gmt":"2025-01-31T09:09:19","slug":"home","status":"publish","type":"page","link":"https:\/\/yogasophie.fr\/","title":{"rendered":"Bienvenue \u2661"},"content":{"rendered":"\n<p class=\"has-text-align-center\"><strong>Professeur de Yoga \u00e0 Catllar dans le Sud de la France (en Juillet et Ao\u00fbt) et \u00e0 l&rsquo;Ile Maurice (le reste de l&rsquo;ann\u00e9e)<\/strong><\/p>\n\n\n\n<p>Nous avons tous besoin de retrouver qui nous sommes et par la pratique du Yoga, je vous propose humblement un accompagnement vers ce chemin.<\/p>\n\n\n\n<blockquote class=\"wp-block-quote is-layout-flow wp-block-quote-is-layout-flow\">\n<p>\u00ab\u00a0La force ne vient pas des capacit\u00e9s physiques,<\/p>\n\n\n\n<p>elle vient d&rsquo;une volont\u00e9 invincible.\u00a0\u00bb<\/p>\n<cite><em>Mohandas Karamchand Gandhi.<\/em><\/cite><\/blockquote>\n\n\n<div class=\"wp-block-image\">\n<figure class=\"alignleft size-medium is-resized\"><img loading=\"lazy\" decoding=\"async\" width=\"276\" height=\"300\" src=\"http:\/\/yogasophie.fr\/wp-content\/uploads\/2025\/01\/IMG_1223-276x300.jpg\" alt=\"\" class=\"wp-image-742\" style=\"width:145px;height:auto\" srcset=\"https:\/\/yogasophie.fr\/wp-content\/uploads\/2025\/01\/IMG_1223-276x300.jpg 276w, https:\/\/yogasophie.fr\/wp-content\/uploads\/2025\/01\/IMG_1223-941x1024.jpg 941w, https:\/\/yogasophie.fr\/wp-content\/uploads\/2025\/01\/IMG_1223-768x836.jpg 768w, https:\/\/yogasophie.fr\/wp-content\/uploads\/2025\/01\/IMG_1223-1412x1536.jpg 1412w, https:\/\/yogasophie.fr\/wp-content\/uploads\/2025\/01\/IMG_1223.jpg 1760w\" sizes=\"auto, (max-width: 276px) 100vw, 276px\" \/><\/figure>\n<\/div>\n\n\n<p>Prof des \u00e9coles et m\u00e8re de trois enfants, mes soleils, je pratique quotidiennement et depuis de nombreuses ann\u00e9es le Ashtanga Yoga. J&rsquo;ai d\u00e9couvert ce style de yoga \u00e0 l&rsquo;Ile Maurice, avec deux amies et j&rsquo;ai \u00e9t\u00e9 conquise tr\u00e8s rapidement. <\/p>\n\n\n\n<p>Je suis partie en Inde, dans diff\u00e9rents Shalas,  au N\u00e9pal, dans des Ashrams pour approfondir mes connaissances et j&rsquo;ai appris bien plus que je n&rsquo;aurais pu imaginer. Ma vision de la vie a chang\u00e9.<\/p>\n\n\n\n<p>J&rsquo;ai appris que le yoga est un style de vie et non seulement des asanas. Quand il est entr\u00e9 dans MA vie, j&rsquo;ai vraiment eu un sentiment de libert\u00e9 que j&rsquo;ai aujourd&rsquo;hui tr\u00e8s envie de partager.<\/p>\n\n\n\n<p>je me suis donc form\u00e9e dans des instituts certifi\u00e9s alliance fran\u00e7aise, au hatha vinyasa, au yin yoga, et au vinyasa ashtanga yoga.<\/p>\n\n\n<div class=\"wp-block-image\">\n<figure class=\"alignright size-medium is-resized\"><img loading=\"lazy\" decoding=\"async\" width=\"268\" height=\"300\" src=\"http:\/\/yogasophie.fr\/wp-content\/uploads\/2023\/02\/thumbnail-268x300.jpeg\" alt=\"\" class=\"wp-image-629\" style=\"width:201px;height:225px\" srcset=\"https:\/\/yogasophie.fr\/wp-content\/uploads\/2023\/02\/thumbnail-268x300.jpeg 268w, https:\/\/yogasophie.fr\/wp-content\/uploads\/2023\/02\/thumbnail-914x1024.jpeg 914w, https:\/\/yogasophie.fr\/wp-content\/uploads\/2023\/02\/thumbnail-768x860.jpeg 768w, https:\/\/yogasophie.fr\/wp-content\/uploads\/2023\/02\/thumbnail.jpeg 1080w\" sizes=\"auto, (max-width: 268px) 100vw, 268px\" \/><\/figure>\n<\/div>\n\n\n<p>Cette pratique rigoureuse et assidue m\u2019a permis de comprendre que le Yoga ne s\u2019apprend pas, il se ressent et c\u2019est en pratiquant que l\u2019on apprend<strong> tout seul <\/strong>\u00e0 ma\u00eetriser non seulement son corps mais aussi son esprit.<\/p>\n\n\n\n<p>L\u2019enseignant est un guide qui nous aide \u00e0 aller sur le bon chemin.<\/p>\n\n\n\n<p class=\"has-regular-font-size\">Pendant toutes ces ann\u00e9es, je suis aussi entr\u00e9e dans le monde de l&rsquo;\u00e9nerg\u00e9tique dans le lequel je suis devenue maitre Reiki et conseill\u00e8re fleurs de Bach. Je suis aussi praticienne en aromath\u00e9rapie et en r\u00e9flexologie plantaire.<\/p>\n\n\n\n<p>Je propose de mani\u00e8re hebdomadaire, trois pratiques diff\u00e9rentes du Yoga \u00e0 Tamarin \u00e0 l&rsquo;Ile Maurice (pays o\u00f9 je r\u00e9side actuellement) :<\/p>\n\n\n\n<ul class=\"wp-block-list\">\n<li>Le <a href=\"https:\/\/yogasophie.fr\/index.php\/yoga-vinyasa-ashtanga\/\" data-type=\"page\" data-id=\"158\">Yoga Vinyasa\/Ashtanga<\/a> (en groupe)<\/li>\n\n\n\n<li>le <a href=\"http:\/\/yogasophie.fr\/index.php\/yin-yoga\/\" data-type=\"page\" data-id=\"348\">Yin Yoga<\/a><\/li>\n\n\n\n<li>Le Yoga en <a href=\"https:\/\/yogasophie.fr\/index.php\/cours-particuliers\/\" data-type=\"page\" data-id=\"161\">cours particulier<\/a><\/li>\n<\/ul>\n\n\n\n<p class=\"has-regular-font-size\">Je propose aussi des retraites en Juillet et Aout dans les Pyr\u00e9n\u00e9es-Orientales en France.<\/p>\n\n\n\n<p><\/p>\n\n\n<div class=\"wp-block-image\">\n<figure class=\"aligncenter size-medium is-resized\"><img loading=\"lazy\" decoding=\"async\" width=\"244\" height=\"300\" src=\"http:\/\/yogasophie.fr\/wp-content\/uploads\/2023\/02\/thumbnail3-244x300.jpeg\" alt=\"\" class=\"wp-image-630\" style=\"width:244px;height:300px\" srcset=\"https:\/\/yogasophie.fr\/wp-content\/uploads\/2023\/02\/thumbnail3-244x300.jpeg 244w, https:\/\/yogasophie.fr\/wp-content\/uploads\/2023\/02\/thumbnail3-833x1024.jpeg 833w, https:\/\/yogasophie.fr\/wp-content\/uploads\/2023\/02\/thumbnail3-768x944.jpeg 768w, https:\/\/yogasophie.fr\/wp-content\/uploads\/2023\/02\/thumbnail3.jpeg 1080w\" sizes=\"auto, (max-width: 244px) 100vw, 244px\" \/><\/figure>\n<\/div>","protected":false},"excerpt":{"rendered":"<p>Professeur de Yoga \u00e0 Catllar dans le Sud de la France (en Juillet et Ao\u00fbt) et \u00e0 l&rsquo;Ile Maurice (le reste de l&rsquo;ann\u00e9e) Nous avons tous besoin de retrouver qui nous sommes et par la pratique du Yoga, je vous propose humblement un accompagnement vers ce chemin. \u00ab\u00a0La force ne vient pas des capacit\u00e9s physiques, &hellip;<\/p>\n","protected":false},"author":1,"featured_media":0,"parent":0,"menu_order":0,"comment_status":"closed","ping_status":"closed","template":"","meta":{"footnotes":""},"class_list":["post-101","page","type-page","status-publish","hentry"],"_links":{"self":[{"href":"https:\/\/yogasophie.fr\/index.php\/wp-json\/wp\/v2\/pages\/101","targetHints":{"allow":["GET"]}}],"collection":[{"href":"https:\/\/yogasophie.fr\/index.php\/wp-json\/wp\/v2\/pages"}],"about":[{"href":"https:\/\/yogasophie.fr\/index.php\/wp-json\/wp\/v2\/types\/page"}],"author":[{"embeddable":true,"href":"https:\/\/yogasophie.fr\/index.php\/wp-json\/wp\/v2\/users\/1"}],"replies":[{"embeddable":true,"href":"https:\/\/yogasophie.fr\/index.php\/wp-json\/wp\/v2\/comments?post=101"}],"version-history":[{"count":70,"href":"https:\/\/yogasophie.fr\/index.php\/wp-json\/wp\/v2\/pages\/101\/revisions"}],"predecessor-version":[{"id":792,"href":"https:\/\/yogasophie.fr\/index.php\/wp-json\/wp\/v2\/pages\/101\/revisions\/792"}],"wp:attachment":[{"href":"https:\/\/yogasophie.fr\/index.php\/wp-json\/wp\/v2\/media?parent=101"}],"curies":[{"name":"wp","href":"https:\/\/api.w.org\/{rel}","templated":true}]}}