{"id":179,"date":"2022-09-22T14:17:11","date_gmt":"2022-09-22T12:17:11","guid":{"rendered":"https:\/\/yogasophie.fr\/?page_id=179"},"modified":"2022-09-22T14:22:45","modified_gmt":"2022-09-22T12:22:45","slug":"contactez-moi","status":"publish","type":"page","link":"https:\/\/yogasophie.fr\/index.php\/contactez-moi\/","title":{"rendered":"Contactez-moi"},"content":{"rendered":"\n<p>Pour toute demande d\u2019information, n\u2019h\u00e9sitez pas \u00e0 me contacter sur <a href=\"mailto:contact@yogasophie.fr\">contact@yogasophie.fr<\/a> ou au <em>+230 5 772 3453<\/em> (disponible sur whatsapp). <\/p>\n\n\n\n<p>Je vous \u00e9vite tout de suite une recherche sur Facebook ou autres Instagram, je n\u2019y suis tout simplement pas \ud83d\ude42<\/p>\n","protected":false},"excerpt":{"rendered":"<p>Pour toute demande d\u2019information, n\u2019h\u00e9sitez pas \u00e0 me contacter sur contact@yogasophie.fr ou au +230 5 772 3453 (disponible sur whatsapp). Je vous \u00e9vite tout de suite une recherche sur Facebook ou autres Instagram, je n\u2019y suis tout simplement pas \ud83d\ude42<\/p>\n","protected":false},"author":1,"featured_media":0,"parent":0,"menu_order":0,"comment_status":"closed","ping_status":"closed","template":"","meta":{"footnotes":""},"class_list":["post-179","page","type-page","status-publish","hentry"],"_links":{"self":[{"href":"https:\/\/yogasophie.fr\/index.php\/wp-json\/wp\/v2\/pages\/179","targetHints":{"allow":["GET"]}}],"collection":[{"href":"https:\/\/yogasophie.fr\/index.php\/wp-json\/wp\/v2\/pages"}],"about":[{"href":"https:\/\/yogasophie.fr\/index.php\/wp-json\/wp\/v2\/types\/page"}],"author":[{"embeddable":true,"href":"https:\/\/yogasophie.fr\/index.php\/wp-json\/wp\/v2\/users\/1"}],"replies":[{"embeddable":true,"href":"https:\/\/yogasophie.fr\/index.php\/wp-json\/wp\/v2\/comments?post=179"}],"version-history":[{"count":2,"href":"https:\/\/yogasophie.fr\/index.php\/wp-json\/wp\/v2\/pages\/179\/revisions"}],"predecessor-version":[{"id":182,"href":"https:\/\/yogasophie.fr\/index.php\/wp-json\/wp\/v2\/pages\/179\/revisions\/182"}],"wp:attachment":[{"href":"https:\/\/yogasophie.fr\/index.php\/wp-json\/wp\/v2\/media?parent=179"}],"curies":[{"name":"wp","href":"https:\/\/api.w.org\/{rel}","templated":true}]}}