{"id":373,"date":"2022-12-06T06:53:51","date_gmt":"2022-12-06T05:53:51","guid":{"rendered":"http:\/\/yogasophie.fr\/?page_id=373"},"modified":"2025-01-31T10:31:48","modified_gmt":"2025-01-31T09:31:48","slug":"reflexologie-plantaire","status":"publish","type":"page","link":"https:\/\/yogasophie.fr\/index.php\/reflexologie-plantaire\/","title":{"rendered":"R\u00e9flexologie plantaire"},"content":{"rendered":"\n<p>Les pieds sont le reflet de notre corps.<\/p>\n\n\n\n<p>En plus d&rsquo;un moment de d\u00e9tente et de bien \u00eatre, offrez vous un v\u00e9ritable soin physiologique.<\/p>\n\n\n\n<p>Toutes les \u00e9nergies sont lib\u00e9r\u00e9es, le syst\u00e8me organique est stimul\u00e9, il est \u00e0 nouveau int\u00e9gralement fonctionnel.<\/p>\n\n\n\n<figure class=\"wp-block-image size-full\"><img loading=\"lazy\" decoding=\"async\" width=\"450\" height=\"300\" src=\"http:\/\/yogasophie.fr\/wp-content\/uploads\/2022\/12\/66838633_s.jpg\" alt=\"\" class=\"wp-image-374\" srcset=\"https:\/\/yogasophie.fr\/wp-content\/uploads\/2022\/12\/66838633_s.jpg 450w, https:\/\/yogasophie.fr\/wp-content\/uploads\/2022\/12\/66838633_s-300x200.jpg 300w\" sizes=\"auto, (max-width: 450px) 100vw, 450px\" \/><\/figure>\n\n\n\n<p class=\"has-text-align-center\"><strong>Tarif<\/strong>: S\u00e9ance d&rsquo;1h &#8211; 700 MUR<\/p>\n","protected":false},"excerpt":{"rendered":"<p>Les pieds sont le reflet de notre corps. En plus d&rsquo;un moment de d\u00e9tente et de bien \u00eatre, offrez vous un v\u00e9ritable soin physiologique. Toutes les \u00e9nergies sont lib\u00e9r\u00e9es, le syst\u00e8me organique est stimul\u00e9, il est \u00e0 nouveau int\u00e9gralement fonctionnel. Tarif: S\u00e9ance d&rsquo;1h &#8211; 700 MUR<\/p>\n","protected":false},"author":1,"featured_media":0,"parent":0,"menu_order":0,"comment_status":"closed","ping_status":"closed","template":"","meta":{"footnotes":""},"class_list":["post-373","page","type-page","status-publish","hentry"],"_links":{"self":[{"href":"https:\/\/yogasophie.fr\/index.php\/wp-json\/wp\/v2\/pages\/373","targetHints":{"allow":["GET"]}}],"collection":[{"href":"https:\/\/yogasophie.fr\/index.php\/wp-json\/wp\/v2\/pages"}],"about":[{"href":"https:\/\/yogasophie.fr\/index.php\/wp-json\/wp\/v2\/types\/page"}],"author":[{"embeddable":true,"href":"https:\/\/yogasophie.fr\/index.php\/wp-json\/wp\/v2\/users\/1"}],"replies":[{"embeddable":true,"href":"https:\/\/yogasophie.fr\/index.php\/wp-json\/wp\/v2\/comments?post=373"}],"version-history":[{"count":5,"href":"https:\/\/yogasophie.fr\/index.php\/wp-json\/wp\/v2\/pages\/373\/revisions"}],"predecessor-version":[{"id":801,"href":"https:\/\/yogasophie.fr\/index.php\/wp-json\/wp\/v2\/pages\/373\/revisions\/801"}],"wp:attachment":[{"href":"https:\/\/yogasophie.fr\/index.php\/wp-json\/wp\/v2\/media?parent=373"}],"curies":[{"name":"wp","href":"https:\/\/api.w.org\/{rel}","templated":true}]}}