{"id":393,"date":"2022-12-06T07:12:47","date_gmt":"2022-12-06T06:12:47","guid":{"rendered":"http:\/\/yogasophie.fr\/?page_id=393"},"modified":"2023-02-09T18:45:30","modified_gmt":"2023-02-09T17:45:30","slug":"reiki","status":"publish","type":"page","link":"https:\/\/yogasophie.fr\/index.php\/reiki\/","title":{"rendered":"Reiki"},"content":{"rendered":"\n<p class=\"has-regular-font-size\">Un temps pour soi.<\/p>\n\n\n\n<p class=\"has-regular-font-size\">Pour lib\u00e9rer les blocages \u00e9motionnels, pour acc\u00e9l\u00e9rer le processus de gu\u00e9rison, pour augmenter la confiance en soi, pour vous apporter le calme et le bien \u00eatre que vous m\u00e9ritez, diminuer le stress et l&rsquo;angoisse, pour harmoniser les \u00e9nergies, pour soulager les souffrances et les peurs et pour renforcer le syst\u00e8me immunitaire.<\/p>\n\n\n\n<figure class=\"wp-block-image size-full is-resized\"><img loading=\"lazy\" decoding=\"async\" src=\"http:\/\/yogasophie.fr\/wp-content\/uploads\/2022\/12\/images1.jpg\" alt=\"\" class=\"wp-image-395\" width=\"430\" height=\"143\" srcset=\"https:\/\/yogasophie.fr\/wp-content\/uploads\/2022\/12\/images1.jpg 389w, https:\/\/yogasophie.fr\/wp-content\/uploads\/2022\/12\/images1-300x99.jpg 300w\" sizes=\"auto, (max-width: 430px) 100vw, 430px\" \/><\/figure>\n\n\n<div class=\"wp-block-image\">\n<figure class=\"alignright size-full is-resized\"><img loading=\"lazy\" decoding=\"async\" src=\"http:\/\/yogasophie.fr\/wp-content\/uploads\/2022\/12\/image2s.jpg\" alt=\"\" class=\"wp-image-396\" width=\"275\" height=\"183\"\/><\/figure>\n<\/div>\n\n\n<p><\/p>\n\n\n\n<p><\/p>\n\n\n\n<p><strong>SOIN REIKI: 1H, 900RS<\/strong><\/p>\n","protected":false},"excerpt":{"rendered":"<p>Un temps pour soi. Pour lib\u00e9rer les blocages \u00e9motionnels, pour acc\u00e9l\u00e9rer le processus de gu\u00e9rison, pour augmenter la confiance en soi, pour vous apporter le calme et le bien \u00eatre que vous m\u00e9ritez, diminuer le stress et l&rsquo;angoisse, pour harmoniser les \u00e9nergies, pour soulager les souffrances et les peurs et pour renforcer le syst\u00e8me immunitaire. &hellip;<\/p>\n","protected":false},"author":1,"featured_media":0,"parent":0,"menu_order":0,"comment_status":"closed","ping_status":"closed","template":"","meta":{"footnotes":""},"class_list":["post-393","page","type-page","status-publish","hentry"],"_links":{"self":[{"href":"https:\/\/yogasophie.fr\/index.php\/wp-json\/wp\/v2\/pages\/393","targetHints":{"allow":["GET"]}}],"collection":[{"href":"https:\/\/yogasophie.fr\/index.php\/wp-json\/wp\/v2\/pages"}],"about":[{"href":"https:\/\/yogasophie.fr\/index.php\/wp-json\/wp\/v2\/types\/page"}],"author":[{"embeddable":true,"href":"https:\/\/yogasophie.fr\/index.php\/wp-json\/wp\/v2\/users\/1"}],"replies":[{"embeddable":true,"href":"https:\/\/yogasophie.fr\/index.php\/wp-json\/wp\/v2\/comments?post=393"}],"version-history":[{"count":3,"href":"https:\/\/yogasophie.fr\/index.php\/wp-json\/wp\/v2\/pages\/393\/revisions"}],"predecessor-version":[{"id":585,"href":"https:\/\/yogasophie.fr\/index.php\/wp-json\/wp\/v2\/pages\/393\/revisions\/585"}],"wp:attachment":[{"href":"https:\/\/yogasophie.fr\/index.php\/wp-json\/wp\/v2\/media?parent=393"}],"curies":[{"name":"wp","href":"https:\/\/api.w.org\/{rel}","templated":true}]}}